 -a. Suppose 0 = -3*j - 2*j - 190. Let g = h - j. What is the units digit of g?
6
Let p be (0 - 1) + (4 - 5)*-3931. Suppose -4214 - p = -16*j. What is the hundreds digit of j?
5
Suppose -4*x + 3*x - c = -7, -4*x + 4 = -4*c. Suppose -8*v + 10*v - x = 0. Suppose 105 + 135 = v*n. What is the units digit of n?
0
Let t be (24 - 21)/((-9)/(-21)). What is the units digit of -1 - (-6 + (-425 - t))?
7
What is the tens digit of (-9)/18*20 + 8081?
7
Suppose 33*i + 1075 = -5855. What is the hundreds digit of 1/(-6) - 79625/i?
3
Let s(g) = 2*g**3 + 3*g**2 + 21*g + 50. What is the tens digit of s(11)?
0
Let q(y) = -7*y**2 + 32 + 2*y - 4*y**2 - 2*y**2 + y**3. Let t be q(13). What is the units digit of (-1)/(4/t)*90/(-15)?
7
What is the hundreds digit of -3285*-19*(-39)/(-65)?
4
Suppose 23 = 2*a + 4*v - 5, 5*v = 25. Suppose a*u - 152 - 64 = 0. What is the units digit of u?
4
Suppose -2*a - 231*f + 25912 = -235*f, -4*a = f - 51815. What is the hundreds digit of a?
9
What is the units digit of 22453 + (0 + 1)*8/(-40)*15?
0
Let m(y) = y**3 + 3*y**2 - 6*y - 2. Let k be m(-4). Suppose -5*d - 9 = -19. Suppose -4*i - d*o = -i - 273, -2*o = -k. What is the units digit of i?
9
Let g(k) = -k - 1. Let s(p) = p + 1. Let u(w) = 3*g(w) + 4*s(w). Let f be u(1). Suppose 536 = -f*l + 6*l. What is the tens digit of l?
3
Let d = 173 - 89. Suppose -5*u + 4*t = -1088, 3*t = -u + 4*t + 217. Let c = u - d. What is the units digit of c?
6
Let h(w) = -106*w**3 + 6*w**2 - 42*w - 178. What is the thousands digit of h(-4)?
6
Suppose -4*c = -43 - 17. Let o = 10 - c. What is the hundreds digit of 260 + (0 - o) + 2?
2
Suppose 89026 = -13*s + 599064 + 449752. What is the hundreds digit of s?
8
Suppose -6*c = 4*c - 150. What is the tens digit of (-1705)/33*c/2*-2?
7
Let b be (-700 - 12/2)*(-10)/(-4). Let m = -1245 - b. What is the tens digit of m/18 - 21/(-189)?
2
Suppose 26*h - 17*h - 22*h = -276393. What is the thousands digit of h?
1
Let c(d) = -d**2 + 3*d - 22. Suppose -5*j - 1 = 4*q + 33, -5*j = 5*q + 45. Let b be c(q). Let l = b - -253. What is the tens digit of l?
7
Let x(l) = 4*l + 28. Let f be x(-6). Suppose -2*m = 4*d - 646, f*m + 1240 = 8*m - 5*d. What is the hundreds digit of m?
3
Let z = 5290 + -1880. What is the units digit of z?
0
Suppose -1973 = -2*n - r, 0 = n - 0*n + 4*r - 976. Suppose 4*x + n = 2*a + 340, 1231 = 4*a + 5*x. What is the tens digit of a/6 + (-6)/(-9)?
5
Let q be -8 - (13 - 13)/(-1 + 3). Let p(l) = -5*l**2 - 11*l + 17. Let d(s) = s**2 + s - 1. Let a(k) = 4*d(k) + p(k). What is the units digit of a(q)?
5
Suppose -5*m + n = -10486, 4*m + 0*m = -5*n + 8383. Let x = m + -846. What is the thousands digit of x?
1
What is the thousands digit of (-5)/(195/6) - 5679753/(-767)?
7
Suppose -151 = -5*s - 151. Let x(c) = -c**3 - 5*c**2 + c + 20. What is the tens digit of x(s)?
2
Let d(p) be the first derivative of 25*p**2/2 + 6*p + 1. Let a(u) = 23*u**2 - 480*u - 58. Let l be a(21). What is the tens digit of d(l)?
3
Let h = 56 - 0. Let u = 15 - 5. What is the units digit of u/(-10) + h/2?
7
Let p be (-24)/2*(-3)/9. What is the units digit of 4 - (-227 + -1 + p)?
8
Let n = -7988 - -9512. What is the thousands digit of n?
1
Let d = -7679 + 17381. What is the units digit of d?
2
Suppose -6 = -0*z + 2*z. Suppose 0 = 4*t - 12*y + 16*y + 8, -15 = -3*t + 4*y. What is the tens digit of ((-149)/z - t)*(-15)/(-10)?
7
Let j be (-34)/(-51) + 87/(-9). Let f(o) = -o + 2*o + 23 - 2*o. What is the units digit of f(j)?
2
Suppose -2*x = z - 5*z - 18, 27 = 5*x - z. Suppose 0*r = r + j - 4, x = -5*j. Suppose -4*t + 2*b + 102 = 4*b, 0 = 5*t - r*b - 165. What is the tens digit of t?
2
Suppose 5*j + 33 = -f, 5*j + f - 5*f = -18. What is the units digit of (-5)/90*j + (-2374)/(-6)?
6
Let m = 27 - 17. Let v be ((-348)/(-60))/(2/m). Suppose 24*j - v*j + 355 = 0. What is the tens digit of j?
7
Suppose -4*a = -2*h - 31524, 3*a - 5*h + h = 23648. What is the thousands digit of a?
7
Let f(v) = 152*v**2 - 228*v + 2241. What is the hundreds digit of f(10)?
1
What is the ten thousands digit of 56944*20/80 + -1?
1
Suppose -22021 = -42*v - 19*v. Let a be ((-24)/4)/((-2)/1). Suppose a*i = -2*b - i + 150, 5*b + 3*i - v = 0. What is the units digit of b?
1
Suppose 5*n = -19 - 6. Let s be (n - 30/(-5))*4. Suppose 0 = -2*l + y + 394, 2*l + 2*l + s*y - 788 = 0. What is the units digit of l?
7
Let d be 3028/12*(-4 - -1)/1. Let c = d + 430. What is the tens digit of (c/12)/(1/(-8))?
1
Let s(y) = y**3 - 18*y**2 - 20*y - 23. Let o be s(19). Let h = o + 39. Let m(u) = -5*u + 16. What is the units digit of m(h)?
1
Let i = -330 - -333. What is the tens digit of (11 + 35/i)/(2/27)?
0
Suppose -1723*w = -1731*w + 29576. What is the units digit of w?
7
Let w(h) = 209*h + 32. Let p be w(9). Suppose -p = -17*m + 1402. Let g = m - 59. What is the hundreds digit of g?
1
Let w(t) = 8*t + 67. Let y be w(-8). Suppose 4*r - 828 = -y*s, -3*r - 552 = s - 3*s. What is the hundreds digit of s?
2
Suppose 4*d - 5*n - 44363 = 0, -4*d - 26*n = -29*n - 44373. What is the hundreds digit of d?
0
Suppose -r - 5*c + 12174 = 3071, -c - 9139 = -r. What is the units digit of r?
3
Suppose -111 + 147 = 3*k + 3*l, 4*l = -5*k + 51. Let j = 3 + -1. Suppose -270 = j*x - k*x. What is the units digit of x?
0
Suppose -6*u + 30 = 4*u. Let p be -414*((-6)/(-9))/(-1). Suppose -3*q + p = -2*y - 16, -3*q - u*y = -282. What is the units digit of q?
6
Let x be 1 - (3885/(-9) - 5/15). Suppose -2*a - 4*g - 498 = -68, 2*a + 3*g + x = 0. Let u = a + 340. What is the units digit of u?
9
Let v be (-3)/2 + 9940/40. Suppose -5*d - v - 73 = -3*q, -4*d = 5*q - 521. What is the tens digit of q?
0
Suppose 1720263 = -21*a + 198*a. What is the units digit of a?
9
Let q(t) = 6*t**2 - 7*t + 2. Let k(l) = -l**2. Let s(r) = 4*k(r) + q(r). Let p be s(4). Suppose -8*w = -p*w - 126. What is the units digit of w?
3
Suppose -3981 = 2*z + 85. Let v = -1167 - z. What is the tens digit of v?
6
Let i(o) = 2359*o + 322. What is the hundreds digit of i(3)?
3
Let c(f) = -7*f**3 + f**2 - 1. Suppose 3*w = 6 - 3. Let g be c(w). What is the units digit of (-115)/((-10)/14 + 2/g)?
5
Suppose 6*f = 9*f - 6*f. Suppose 3*h = 3*u - 504, -3*h = -f - 15. What is the hundreds digit of u?
1
Let t(o) = -o. Let w(y) = y**3 + 4*y**2 - 17*y + 7. Let g(h) = -6*t(h) - w(h). Let s be g(-10). Suppose 13*a = 10*a + s. What is the tens digit of a?
2
Suppose 24 = 6*h - 6. Suppose -3*n + 64 = 4*y, 0 = -3*y + 7*y - h*n - 64. Suppose 5*f = -3*p + 200, 0 = 4*p - 2*f - 216 - y. What is the tens digit of p?
6
Let j = 69 - 268. Let z = -292 - j. What is the tens digit of (48/(-10))/(z/1240)?
6
Let g(a) be the first derivative of a**3/3 - 5*a**2/2 - 174*a - 51. What is the units digit of g(-12)?
0
Let n = -640 + 970. What is the tens digit of n/9*((-63)/(-14) - 3)?
5
Let j be (4/(-10))/(3/15). Let r be (-3 - -8)/(3 + j). Suppose f - 3 = 0, 0*w - 2*w = -r*f - 143. What is the units digit of w?
9
Let v = 29697 + -10972. What is the ten thousands digit of v?
1
Let t = 14 + -9. Suppose -2 - 33 = t*z. What is the tens digit of 137 + (6/(-2) - z)?
4
Let l(q) = -8 + 2 + 26 + q. Suppose -20 = s + 3*n - 5, 40 = -4*s - 2*n. What is the tens digit of l(s)?
1
Let m = 203 - 195. Suppose -m*o + 4*o = -5*y - 2235, o = y + 559. What is the units digit of o?
0
Suppose 5*m + 9 = -96. Let x = 24 + m. Suppose x*v = -i - 0*v + 4, 0 = 4*i - v - 42. What is the tens digit of i?
1
Let d be (-8)/2 + (4 - -204). Let p be d + 3 - 0/1. Suppose 3*t = 6*t - p. What is the tens digit of t?
6
Suppose 4*o + j - 94220 = 0, o + 20*j - 18*j - 23562 = 0. What is the tens digit of o?
5
Suppose 5*d + 4*t - 417 = 41, 274 = 3*d + 2*t. Suppose 3*p - 84 - d = 0. What is the tens digit of p?
5
Let l = 611 + -28. Let w = -331 + l. What is the hundreds digit of w?
2
Let y(z) = 23*z**3 + 4*z**2 + 5*z + 6. What is the thousands digit of y(4)?
1
Suppose -4*p - 2980 = -l, 0 = -l - 11*p + 9*p + 2974. What is the thousands digit of l?
2
Let k(v) = -v. Let r(g) = 9*g - 27. Let j(o) = 5*k(o) + r(o). Let b be j(14). Let y = -21 + b. What is the units digit of y?
8
Let z(f) = 14*f**2 + 2*f. Let i be z(-1). What is the tens digit of (152/i)/(67/33 - 2)?
1
Let y(v) = 14*v**2 - 81*v + 5. Let w be y(25). Suppose -3*i + 4*z = -4033, -5*i + 8*z + w = 3*z. What is the tens digit of 